{"id":49,"date":"2010-03-29T16:01:06","date_gmt":"2010-03-29T15:01:06","guid":{"rendered":"http:\/\/antifabonn.blogsport.de\/rote-hilfe-bonn\/"},"modified":"2025-07-28T23:24:39","modified_gmt":"2025-07-28T21:24:39","slug":"rote-hilfe-bonn","status":"publish","type":"page","link":"https:\/\/antifabonn.noblogs.org\/?page_id=49","title":{"rendered":"Rote Hilfe Bonn"},"content":{"rendered":"\n<p>Dee Rote Hilfe e.V. ist die parteiunabh\u00e4ngige str\u00f6mungs\u00fcbergreifende linke Schutz- und Solidarit\u00e4tsorganisation. Auch in Bonn gibt es eine Ortsgruppe der Roten Hilfe.<\/p>\n\n\n\n<div class=\"wp-block-buttons is-layout-flex wp-block-buttons-is-layout-flex\">\n<div class=\"wp-block-button is-style-outline is-style-outline--1\"><a class=\"wp-block-button__link wp-element-button\" href=\"https:\/\/rote-hilfe.de\/aktiv-werden\/mitglied-werden\">Mitglied werden<\/a><\/div>\n<\/div>\n\n\n\n<p><strong>E-Mail: <\/strong><a href=\"mailto:bonn@rote-hilfe.de\">bonn@rote-hilfe.de<\/a>   <a href=\"https:\/\/rote-hilfe.de\/sites\/default\/files\/pgp_keys\/OpenPGP_0xB2C6665B59754FF3_and_old_rev.asc\">PGP-Key<\/a><\/p>\n\n\n\n<p><strong>Anschrift:<\/strong> <div>Rote Hilfe e.V. Ortsgruppe Bonn<br>c\/o Buchladen le Sabot<br>Breite Stra\u00dfe 76<br>53111\u00a0Bonn<\/div><\/p>\n\n\n\n<p><strong>Beratung:<\/strong>&nbsp;Jeden 1. Mittwoch im Monat, 19.30 Uhr<\/p>\n\n\n\n<p>Alle aktuellen Kontaktinformationen der Roten Hilfen Bonn findet ihr auf hier:<div><a href=\"https:\/\/rote-hilfe.de\/ortsgruppen\">rote-hilfe.de\/ortsgruppen<\/a><\/div><\/p>\n\n\n\n<hr class=\"wp-block-separator has-alpha-channel-opacity\" \/>\n\n\n\n<figure class=\"wp-block-table alignleft\"><table><tbody><tr><td><strong><img loading=\"lazy\" decoding=\"async\" width=\"211\" height=\"300\" class=\"size-medium wp-image-1646 alignleft\" src=\"https:\/\/antifabonn.noblogs.org\/files\/2024\/03\/Aussageverweigerung_Titel-211x300.jpg\" alt=\"Cover Brosch\u00fcre\" srcset=\"https:\/\/antifabonn.noblogs.org\/files\/2024\/03\/Aussageverweigerung_Titel-211x300.jpg 211w, https:\/\/antifabonn.noblogs.org\/files\/2024\/03\/Aussageverweigerung_Titel-722x1024.jpg 722w, https:\/\/antifabonn.noblogs.org\/files\/2024\/03\/Aussageverweigerung_Titel-768x1090.jpg 768w, https:\/\/antifabonn.noblogs.org\/files\/2024\/03\/Aussageverweigerung_Titel-1083x1536.jpg 1083w, https:\/\/antifabonn.noblogs.org\/files\/2024\/03\/Aussageverweigerung_Titel-1444x2048.jpg 1444w, https:\/\/antifabonn.noblogs.org\/files\/2024\/03\/Aussageverweigerung_Titel-1568x2225.jpg 1568w, https:\/\/antifabonn.noblogs.org\/files\/2024\/03\/Aussageverweigerung_Titel.jpg 1748w\" sizes=\"auto, (max-width: 211px) 100vw, 211px\" \/><\/strong><br><br><br><br><br><br><br><br><br><br><br><br><strong><a href=\"https:\/\/www.rote-hilfe.de\/rechtshilfe-und-unterstuetzung\/aussageverweigerung\">Brosch\u00fcre zur Aussageverweigerung<\/a><\/strong> <p>Die generelle Aussageverweigerung gegen\u00fcber den staatlichen Repressionsorganen galt in der Linken lange als str\u00f6mungs\u00fcbergreifender Konsens. <\/p><br><p>Mit wachsender Besorgnis beobachtet die Rote Hilfe seit L\u00e4ngerem, dass gegen diesen wichtigen Leitsatz zunehmend versto\u00dfen wird. Neben der Hoffnung auf individuelle Vorteile durch Teil- oder gar ganzheitliche Aussagen gegen\u00fcber der Polizei und im Strafverfahren sind Unwissenheit und Unsicherheit die Hauptgr\u00fcnde daf\u00fcr. Viele Betroffene lassen sich einsch\u00fcchtern und sind schlecht oder nur unzureichend dar\u00fcber informiert, dass sie das Recht auf Aussageverweigerung haben, wann sie davon Gebrauch machen k\u00f6nnen und mit welchen Konsequenzen zu rechnen ist.<\/p> <p>Generell gilt: Es ist immer die richtige Entscheidung, die Klappe zu halten, denn \u201eharmlose\u201c oder gar \u201eentlastende\u201c Aussagen, wie sie teilweise als \u201ekreativer Umgang mit Polizei und Justiz\u201c propagiert werden, gibt es nicht! Jeder noch so kleine, zun\u00e4chst unbedeutend erscheinende Hinweis kann weitere Ermittlungen nach sich ziehen und unangenehme Folgen haben! Ob als Betroffene*r oder als Zeug*in \u2013 es gilt, Polizei, Gerichten und Staatsanwaltschaft jegliche Information \u00fcber unsere Strukturen vorzuenthalten, um uns und unsere Genoss*innen zu sch\u00fctzen!<\/p> <p>Das Wissen und Bewusstsein \u00fcber den richtigen Umgang mit staatlicher Repression muss deshalb kontinuierlich weitergegeben werden.<br>Eine M\u00f6glichkeit dazu bietet unsere \u00fcberarbeitete Brosch\u00fcre zur Aussageverweigerung. Sie kl\u00e4rt \u00fcber wichtige rechtliche Grundlagen auf und beleuchtet verschiedene Aspekte der staatlichen Repression und den richtigen Umgang mit diesen. Daneben geht sie auf einen heute brandaktuellen Punkt ein: den Auftritt in und den Umgang mit sozialen Medien.<\/p> <p>Informiert euch und andere! Gebt Repression keine Chance! Denn: \u201eAnna und Arthur halten (weiterhin)&#8217;s Maul!\u201c<\/p><\/td><\/tr><tr><td><div class=\"cc-attribution-box-container\"><img loading=\"lazy\" decoding=\"async\" width=\"900\" height=\"840\" class=\"wp-image-1651\" style=\"width: 150px\" src=\"https:\/\/antifabonn.noblogs.org\/files\/2024\/03\/rote_hilfe_1.jpg\" alt=\"\" srcset=\"https:\/\/antifabonn.noblogs.org\/files\/2024\/03\/rote_hilfe_1.jpg 900w, https:\/\/antifabonn.noblogs.org\/files\/2024\/03\/rote_hilfe_1-300x280.jpg 300w, https:\/\/antifabonn.noblogs.org\/files\/2024\/03\/rote_hilfe_1-768x717.jpg 768w\" sizes=\"auto, (max-width: 900px) 100vw, 900px\" \/><div class=\"cc-attribution-box\"> <\/div><\/div> <br>Solidarit\u00e4t Verbindet &#8211; 100 Jahre Rote Hilfe<\/td><\/tr><\/tbody><\/table><\/figure>\n","protected":false},"excerpt":{"rendered":"<p>Dee Rote Hilfe e.V. ist die parteiunabh\u00e4ngige str\u00f6mungs\u00fcbergreifende linke Schutz- und Solidarit\u00e4tsorganisation. Auch in Bonn gibt es eine Ortsgruppe der Roten Hilfe. E-Mail: bonn@rote-hilfe.de PGP-Key Anschrift: Rote Hilfe e.V. Ortsgruppe&hellip; <\/p>\n","protected":false},"author":14418,"featured_media":0,"parent":0,"menu_order":3,"comment_status":"closed","ping_status":"closed","template":"","meta":{"footnotes":""},"class_list":["post-49","page","type-page","status-publish","hentry"],"_links":{"self":[{"href":"https:\/\/antifabonn.noblogs.org\/index.php?rest_route=\/wp\/v2\/pages\/49","targetHints":{"allow":["GET"]}}],"collection":[{"href":"https:\/\/antifabonn.noblogs.org\/index.php?rest_route=\/wp\/v2\/pages"}],"about":[{"href":"https:\/\/antifabonn.noblogs.org\/index.php?rest_route=\/wp\/v2\/types\/page"}],"author":[{"embeddable":true,"href":"https:\/\/antifabonn.noblogs.org\/index.php?rest_route=\/wp\/v2\/users\/14418"}],"replies":[{"embeddable":true,"href":"https:\/\/antifabonn.noblogs.org\/index.php?rest_route=%2Fwp%2Fv2%2Fcomments&post=49"}],"version-history":[{"count":2,"href":"https:\/\/antifabonn.noblogs.org\/index.php?rest_route=\/wp\/v2\/pages\/49\/revisions"}],"predecessor-version":[{"id":2064,"href":"https:\/\/antifabonn.noblogs.org\/index.php?rest_route=\/wp\/v2\/pages\/49\/revisions\/2064"}],"wp:attachment":[{"href":"https:\/\/antifabonn.noblogs.org\/index.php?rest_route=%2Fwp%2Fv2%2Fmedia&parent=49"}],"curies":[{"name":"wp","href":"https:\/\/api.w.org\/{rel}","templated":true}]}}