{"id":1674,"date":"2021-05-05T17:04:02","date_gmt":"2021-05-05T17:04:02","guid":{"rendered":"http:\/\/antifabonn.blackblogs.org\/?page_id=1210"},"modified":"2021-05-05T17:04:02","modified_gmt":"2021-05-05T17:04:02","slug":"fur-einen-revolutionaren-antifaschismus","status":"publish","type":"page","link":"https:\/\/antifabonn.noblogs.org\/?page_id=1674","title":{"rendered":"F\u00fcr einen revolution\u00e4ren Antifaschismus!"},"content":{"rendered":"<p align=\"justify\"><span style=\"font-family: Arial, sans-serif\"><span style=\"font-size: small\">&#8222;<em>denn die erste Aufgabe und das wesen des faschismus war und ist konterrevolution, die zerschlagung des proletariats, <\/em><\/span><\/span><span style=\"font-family: Arial, sans-serif\"><span style=\"font-size: small\"><em>seiner revolution\u00e4ren offensiven und initiativen<\/em>.\u201c <\/span><\/span><\/p>\n<p align=\"justify\">\u201e<span style=\"font-family: Arial, sans-serif\"><span style=\"font-size: small\">ein oder gibt es nicht.&#8220; Holger Meins, 1974<\/span><\/span><\/p>\n<p align=\"justify\"><span style=\"font-family: Arial, sans-serif\"><span style=\"font-size: small\">Davon ausgehend, da\u00df Faschismus ein Mittel der b\u00fcrgerlichen Gesellschaftsordnung ist, sich gegen ihre eigene \u00dcberwindung durch den Sozialismus zu sch\u00fctzen, wird klar, da\u00df in der BRD gegenw\u00e4rtig und in n\u00e4chster Zukunft keine Notwendigkeit bestehen wird, eine faschistische Herrschaftsform wie die des deutschen Nationalsozialismus einzurichten, da es zur Zeit keine ernstzunehmende Kraft gibt, die diese \u00dcberwindung zustande bringen k\u00f6nnte.<\/span><\/span><\/p>\n<p align=\"justify\"><span style=\"font-family: Arial, sans-serif\"><span style=\"font-size: small\"><img loading=\"lazy\" decoding=\"async\" class=\"size-medium wp-image-1234 alignleft\" src=\"https:\/\/antifabonn.noblogs.org\/files\/2021\/05\/8Mai_Bild-S-50-300x187.png\" alt=\"\" width=\"300\" height=\"187\" srcset=\"https:\/\/antifabonn.noblogs.org\/files\/2021\/05\/8Mai_Bild-S-50-300x187.png 300w, https:\/\/antifabonn.noblogs.org\/files\/2021\/05\/8Mai_Bild-S-50.png 411w\" sizes=\"auto, (max-width: 300px) 100vw, 300px\" \/>Wie an anderer Stelle dieser Brosch\u00fcre gezeigt wurde, wird aber vorsorglich was den kapitalistischen Verwertungsinteressen entgegenl\u00e4uft. Durch dieses pr\u00e4ventive Vorgehen ist die Nutzung offen terroristischer Mittel der Herrschaftssicherung hierzulande weitgehend \u00fcberfl\u00fcssig geworden. Da\u00df dieser Staat l\u00e4ngst \u00fcber die Machtmittel verf\u00fcgt, und nicht z\u00f6gert diese einzusetzen, um das Entstehen einer revolution\u00e4ren Bewegung zu verhindern, zeigt sich dort, wo es linkem Widerstand gelungen ist, die politische Isolation zu durchbrechen. Erfolgreiche linke Politik wird dort sofort Anla\u00df von Repression.<\/span><\/span><\/p>\n<p align=\"justify\"><span style=\"font-family: Arial, sans-serif\"><span style=\"font-size: small\">Obwohl wir und mit uns die gesamte BRD-Linke weit davon entfernt sind, den derzeitigen Durchmarsch der reaktion\u00e4ren Kr\u00e4fte verhindern zu k\u00f6nnen, ist es unser Ziel, schon jetzt in gesellschaftliche Prozesse einzugreifen. Um dies in effektiver Weise erreichen zu k\u00f6nnen, bedarf es zweier Standbeine: zum einen des Widerstands gegen die Angriffe der Herrschenden und Faschisten, zum anderen des organisierten Versuchs, die gesellschaftlichen Verh\u00e4ltnisse grunds\u00e4tzlich an zugreifen.<\/span><\/span><\/p>\n<p align=\"justify\"><span style=\"font-family: Arial, sans-serif\"><span style=\"font-size: small\">Unser Widerstand umfa\u00dft dabei viele Bereiche. Er gr\u00fcndet darauf, immer wieder auf den Zusammenhang von b\u00fcrgerlicher Herrschaft und Faschismus hinzuweisen. Es mu\u00df verdeutlicht werden, da\u00df Lohnraub, Militarisierung der Politik nach Innen und Au\u00dfen, K\u00fcrzung der Sozialleistungen und Einf\u00fchrung von Zwangsarbeit f\u00fcr Arbeitslose und Sozialhilfeempf\u00e4ngerlnnen, die systematische Benachteiligung und Unterdr\u00fcckung von Frauen, Angriffe auf die Medien\u201evielfalt\u201c, das Leugnen des historischen antifaschistischen linken Widerstands um nur einige Gesichtspunkte der derzeitigen gesellschaftlichen Entwicklung zu nennen nur der Gewinnmaximierung der kapitalistischen Kreise und ihrer Herrschaftssicherung dienen.<\/span><\/span><\/p>\n<p align=\"justify\"><span style=\"font-family: Arial, sans-serif\"><span style=\"font-size: small\">Auch unser gemeinsames Vorgehen gegen die staatliche Anti-Antifa-Praxis und gegen die Repression gegen revolution\u00e4re Initiativen ist Teil des Widerstands. Dieser Kampf mu\u00df sich gerade auch gegen die imperialistischen Gro\u00dfmachtsbestrebungen der BRD im Trikont wie in Deutschland selbst richten. Da, wo die Widerspr\u00fcche am deutlichsten erkannt und durch eine revolution\u00e4re Bewegung angegriffen werden, greift der BRD-Staat zur Sicherung der bestehenden Verh\u00e4ltnisse ein. Die Abschaffung des Asylrechts ist dabei Mittel, ein \u00dcbergreifen der Auswirkungen der imperialistischen mehrhundertj\u00e4hrigen Profitpolitik und des Widerstands in die hochentwickelte BRD (Europa) selbst zu verhindern.<\/span><\/span><\/p>\n<p align=\"justify\"><span style=\"font-family: Arial, sans-serif\"><span style=\"font-size: small\">Der konsequente Kampf gegen faschistische Strukturen, gegen Nazis auf der Stra\u00dfe und Nazis in Nadelstreifen, bedeutet f\u00fcr uns die Abwehr einer konkreten Bedrohung von Menschen, die nicht in denRahmen des von den Herrschenden geschaffenen \u201eIdealbildes\u201c dieser Gesellschaft passen. Rassismus, wie er in Beh\u00f6rden, Fabriken, Betrieben und der Nachbarschaft zum deutschen Alltag geh\u00f6rt, mu\u00df als integraler Bestandteil der kapitalistischen Gesellschaft erkannt und bek\u00e4mpft werden. Gerade da, wo von herrschenden Kreisen Rassismus gesch\u00fcrt wird, und da, wo faschistische Kader und Organisationen mit den herrschenden Kreisen zusammenarbeiten oder von diesen instrumentalisiert werden, ist unser Einsatz dagegen erforderlich. Der Schritt von \u201eZerschlagt die Nazibanden\u201c bis \u201eTod dem Staatsterrorismus\u201c notwendig und wichtig!<\/span><\/span><\/p>\n<figure id=\"attachment_1235\" aria-describedby=\"caption-attachment-1235\" style=\"width: 170px\" class=\"wp-caption alignright\"><img loading=\"lazy\" decoding=\"async\" class=\"size-medium wp-image-1235\" src=\"https:\/\/antifabonn.noblogs.org\/files\/2021\/05\/8Mai_Bild-S-52-170x300.png\" alt=\"\" width=\"170\" height=\"300\" srcset=\"https:\/\/antifabonn.noblogs.org\/files\/2021\/05\/8Mai_Bild-S-52-170x300.png 170w, https:\/\/antifabonn.noblogs.org\/files\/2021\/05\/8Mai_Bild-S-52.png 297w\" sizes=\"auto, (max-width: 170px) 100vw, 170px\" \/><figcaption id=\"caption-attachment-1235\" class=\"wp-caption-text\">Wann wird er endlich zu Grabe getragen&#8230; &#8222;Personifizierter&#8220; Kapitalismus vor seinem eigenen Sarg. AgitProp Aktion am 2. Oktober 1993 auf dem Marktplatz in G\u00f6ttingen.<\/figcaption><\/figure>\n<p align=\"justify\"><span style=\"font-family: Arial, sans-serif\"><span style=\"font-size: small\">Die bestehenden Mi\u00dfst\u00e4nde aufzuzeigen und anzugreifen reicht allein nicht aus; es m\u00fcssen Wege gefunden werden, die Verh\u00e4ltnisse zu \u00fcberwinden. Dies kann aber nur aus einem kollektiven und verbindlichen Diskussionsproze\u00df heraus geschehen. Die Propagandal\u00fcge herrschender Kreise, da\u00df es keine Alternative zum derzeitigen System g\u00e4be, mu\u00df gekippt werden. Unsere Politik mu\u00df vermitteln k\u00f6nnen, da\u00df wir eine revolution\u00e4re und internationalistische Perspektive entwickeln und versuchen, diese umzusetzen. Die kontinuierliche und strategisch angelegte Diskussion innerhalb einer Organisation ist die Voraussetzung daf\u00fcr, dieses Ziel zu erreichen. Dabei ist es ebenfalls notwendig, sich mit dem Scheitern bisheriger sozialistischer Versuche auseinanderzusetzen.<\/span><\/span><\/p>\n<p align=\"justify\"><span style=\"font-family: Arial, sans-serif\"><span style=\"font-size: small\">In der Antifaschistischen Aktion\/Bundesweite Organisation haben wir begonnen, eine gemeinsame Analyse der gesellschaftlichen Rahmenbedingungen f\u00fcr unsere Politik zu erarbeiten. Ziel ist die Erarbeitung eines gemeinsamen Programms, das erste strategische und mittelfristige Ziele benennt. Dies soll zuk\u00fcnftig Grundlage f\u00fcr die weitere gemeinsame T\u00e4tigkeit sein. Mit dieser programmatischen Grundlage wird angestrebt, die bislang nur auf lokaler bzw. maximal regionaler Ebene betriebene Praxis bundesweit zu organisieren. Dies bezieht sich vor allem auf eine gut wahrnehmbare, einheitliche \u00d6ffentlichkeitsarbeit, die, neben der Nutzung b\u00fcrgerlicher Medien, auch den Aufbau eigener Medien beinhaltet. Auch die Entwicklung von M\u00f6glichkeiten, in soziale K\u00e4mpfe einzugreifen, soll vorangetrieben werden. Weiterhin betrifft dies auch die revolution\u00e4re Jugendarbeit, die Integration interessierter Menschen in unsere Strukturen und die Aufrechterhaltung von Kontakten zu anderen sich als revolution\u00e4r verstehenden Organisationen und Gruppen im In- und Ausland, Kulturarbeit und eigenst\u00e4ndige Bildungs- und Schulungsarbeit.<img loading=\"lazy\" decoding=\"async\" class=\"size-medium wp-image-1237 alignleft\" src=\"https:\/\/antifabonn.noblogs.org\/files\/2021\/05\/8Mai_Bild-S-53-300x203.png\" alt=\"\" width=\"300\" height=\"203\" srcset=\"https:\/\/antifabonn.noblogs.org\/files\/2021\/05\/8Mai_Bild-S-53-300x203.png 300w, https:\/\/antifabonn.noblogs.org\/files\/2021\/05\/8Mai_Bild-S-53.png 492w\" sizes=\"auto, (max-width: 300px) 100vw, 300px\" \/><\/span><\/span><\/p>\n<p align=\"justify\"><span style=\"font-family: Arial, sans-serif\"><span style=\"font-size: small\">Nur durch die Verbindung von Widerstand und Organisation kann die Gesellschaftsrelevanz erreicht werden, die notwendig ist, eine Alternative zu den bestehenden Verh\u00e4ltnissen \u00fcberhaupt entwickeln zu k\u00f6nnen. Die theoretische Diskussion mu\u00df dabei ihren Ausdruck in einer politischen Praxis finden, wie umgekehrt die praktischen Erfahrungen in die Diskussion eingehen m\u00fcssen. Die Antifaschistische Aktion\/Bundesweite Organisation ist ein Ansatz, dies zu erreichen.<\/span><\/span><\/p>\n<p align=\"justify\"><span style=\"font-family: Arial, sans-serif\"><span style=\"font-size: small\"><b>Der Kampf um Befreiung beginnt dort, wo wir stehen! Antifa voran!<\/b><\/span><\/span><\/p>\n<p align=\"justify\"><span style=\"font-family: Arial, sans-serif\"><span style=\"font-size: small\">April 1995&nbsp; <img loading=\"lazy\" decoding=\"async\" class=\"alignnone size-full wp-image-1264\" src=\"https:\/\/antifabonn.noblogs.org\/files\/2021\/05\/AABO-LOGO.png\" alt=\"\" width=\"163\" height=\"57\"><\/span><\/span><\/p>\n<p align=\"justify\"><img loading=\"lazy\" decoding=\"async\" class=\"alignnone size-medium wp-image-1263\" src=\"https:\/\/antifabonn.noblogs.org\/files\/2021\/05\/8Mai_Bild-S-54-228x300.png\" alt=\"\" width=\"228\" height=\"300\" srcset=\"https:\/\/antifabonn.noblogs.org\/files\/2021\/05\/8Mai_Bild-S-54-228x300.png 228w, https:\/\/antifabonn.noblogs.org\/files\/2021\/05\/8Mai_Bild-S-54.png 453w\" sizes=\"auto, (max-width: 228px) 100vw, 228px\" \/><\/p>\n","protected":false},"excerpt":{"rendered":"<p>&#8222;denn die erste Aufgabe und das wesen des faschismus war und ist konterrevolution, die zerschlagung des proletariats, seiner revolution\u00e4ren offensiven und initiativen.\u201c \u201eein oder gibt es nicht.&#8220; Holger Meins, 1974&hellip; <\/p>\n","protected":false},"author":14418,"featured_media":0,"parent":1663,"menu_order":11,"comment_status":"closed","ping_status":"closed","template":"","meta":{"footnotes":""},"class_list":["post-1674","page","type-page","status-publish","hentry"],"_links":{"self":[{"href":"https:\/\/antifabonn.noblogs.org\/index.php?rest_route=\/wp\/v2\/pages\/1674","targetHints":{"allow":["GET"]}}],"collection":[{"href":"https:\/\/antifabonn.noblogs.org\/index.php?rest_route=\/wp\/v2\/pages"}],"about":[{"href":"https:\/\/antifabonn.noblogs.org\/index.php?rest_route=\/wp\/v2\/types\/page"}],"author":[{"embeddable":true,"href":"https:\/\/antifabonn.noblogs.org\/index.php?rest_route=\/wp\/v2\/users\/14418"}],"replies":[{"embeddable":true,"href":"https:\/\/antifabonn.noblogs.org\/index.php?rest_route=%2Fwp%2Fv2%2Fcomments&post=1674"}],"version-history":[{"count":0,"href":"https:\/\/antifabonn.noblogs.org\/index.php?rest_route=\/wp\/v2\/pages\/1674\/revisions"}],"up":[{"embeddable":true,"href":"https:\/\/antifabonn.noblogs.org\/index.php?rest_route=\/wp\/v2\/pages\/1663"}],"wp:attachment":[{"href":"https:\/\/antifabonn.noblogs.org\/index.php?rest_route=%2Fwp%2Fv2%2Fmedia&parent=1674"}],"curies":[{"name":"wp","href":"https:\/\/api.w.org\/{rel}","templated":true}]}}